{"id":12,"date":"2023-06-08T23:53:58","date_gmt":"2023-06-08T21:53:58","guid":{"rendered":"http:\/\/zarabiajnawiedzy.apeterko.pl\/index.php\/front-page\/"},"modified":"2024-08-11T23:38:39","modified_gmt":"2024-08-11T21:38:39","slug":"front-page","status":"publish","type":"page","link":"https:\/\/zarabiajnawiedzy.apeterko.pl\/","title":{"rendered":"Jak to jest mie\u0107 \u017cycie dla siebie?"},"content":{"rendered":"\n<figure class=\"wp-block-video\"><video controls src=\"http:\/\/zarabiajnawiedzy.apeterko.pl\/wp-content\/uploads\/2023\/07\/45-sekundowa-prezentacja.mp4\"><\/video><\/figure>\n\n\n\n<h2 class=\"wp-block-heading\">Jak to jest mie\u0107 \u017cycie dla siebie?<\/h2>\n\n\n\n<blockquote class=\"wp-block-quote is-layout-flow wp-block-quote-is-layout-flow\">\n<blockquote class=\"wp-block-quote is-layout-flow wp-block-quote-is-layout-flow\">\n<h2 class=\"wp-block-heading\">&#8221; Rozumiemy to w ten spos\u00f3b: <strong>Gdyby odj\u0105\u0107 czas po\u015bwi\u0119cony na sen, dojazdy do pracy, sam\u0105 prace i wype\u0142nianie codziennych obowi\u0105zk\u00f3w, wi\u0119kszo\u015bci ludzi nie pozosta\u0142oby wi\u0119cej ni\u017c jedna lub dwie godziny dziennie, aby robi\u0107 to, czego pragn\u0105, a zreszt\u0105 &#8211; czy mieliby na to pieni\u0105dze?<\/strong> <br>Odkry\u0142y\u015bmy, w jaki spos\u00f3b mo\u017cna nauczy\u0107 si\u0119 ,,mie\u0107 \u017cycie dla siebie&#8221;, rozwijaj\u0105c w\u0142asny biznes. Mamy s\u0142u\u017c\u0105cy temu SYSTEM, kt\u00f3ry jest tak prosty, \u017ce ka\u017cdy mo\u017ce go opanowa\u0107. Nie polega on na sprzedawaniu, a co najwa\u017cniejsze, nie zajmuje du\u017co czasu.<strong>&#8222;<\/strong><\/h2>\n<\/blockquote>\n<\/blockquote>\n\n\n\n<blockquote class=\"wp-block-quote is-layout-flow wp-block-quote-is-layout-flow\">\n<h2 class=\"wp-block-heading\"><strong>Osoba kt\u00f3ra poleci\u0142a ci ta stron\u0119 chcia\u0142a by\u015b zapozna\u0142 si\u0119 z 10 krokami &#8211; prezentacjami opisuj\u0105cymi ten biznes.<\/strong><\/h2>\n<\/blockquote>\n\n\n\n<blockquote class=\"wp-block-quote is-layout-flow wp-block-quote-is-layout-flow\">\n<p>Nie masz du\u017co czasu? &#8211; <strong>Koniecznie zapoznaj si\u0119 juz dzi\u015b cho\u0107 z 4 pierwszymi by pozna\u0107, zrozumie\u0107 i oceni\u0107 czy to szansa dla ciebie<\/strong>. <br>Prezentacje opisane s\u0105 w formie m\u0119skoosobowej cho\u0107 85% wszystkich dzia\u0142aj\u0105cych w tym systemie to kobiety. Tak jednak jest w oryginalnej ksi\u0105\u017cce do kt\u00f3rej zakupu zach\u0119cam. Mam nadzieje \u017ce ta niedogodno\u015b\u0107 nie utrudni odbioru tre\u015bci naszym dystrybutorkom. Tre\u015bci mo\u017cna przeczyta\u0107 lub wys\u0142ucha\u0107.<\/p>\n<\/blockquote>\n\n\n\n<h2 class=\"wp-block-heading has-text-align-center\"><strong>JESTE\u015a GOTOWY? <\/strong><\/h2>\n\n\n\n<h2 class=\"wp-block-heading has-text-align-center\"><strong>je\u015bli TAK? to<\/strong><\/h2>\n\n\n\n<h2 class=\"wp-block-heading has-text-align-center\">&lt;&lt; <strong><a href=\"http:\/\/zarabiajnawiedzy.apeterko.pl\/index.php\/2023\/06\/09\/wstep\/\">ZACZYNAJMY<\/a> &gt;&gt;<\/strong><\/h2>\n\n\n\n<p><\/p>\n\n\n\n<p class=\"has-text-align-center\">&#8230;<\/p>\n\n\n\n<p><\/p>\n","protected":false},"excerpt":{"rendered":"<p>Jak to jest mie\u0107 \u017cycie dla siebie? Osoba kt\u00f3ra poleci\u0142a ci ta stron\u0119 chcia\u0142a by\u015b zapozna\u0142 si\u0119 z 10 krokami &#8211; prezentacjami opisuj\u0105cymi ten biznes. Nie masz du\u017co czasu? &#8211; Koniecznie zapoznaj si\u0119 juz dzi\u015b cho\u0107 z 4 pierwszymi by pozna\u0107, zrozumie\u0107 i oceni\u0107 czy to szansa dla ciebie. Prezentacje opisane s\u0105 w formie m\u0119skoosobowej&hellip;<\/p>\n","protected":false},"author":1,"featured_media":0,"parent":0,"menu_order":11,"comment_status":"closed","ping_status":"closed","template":"page-templates\/template-home.php","meta":{"footnotes":""},"class_list":["post-12","page","type-page","status-publish","hentry"],"_links":{"self":[{"href":"https:\/\/zarabiajnawiedzy.apeterko.pl\/index.php\/wp-json\/wp\/v2\/pages\/12","targetHints":{"allow":["GET"]}}],"collection":[{"href":"https:\/\/zarabiajnawiedzy.apeterko.pl\/index.php\/wp-json\/wp\/v2\/pages"}],"about":[{"href":"https:\/\/zarabiajnawiedzy.apeterko.pl\/index.php\/wp-json\/wp\/v2\/types\/page"}],"author":[{"embeddable":true,"href":"https:\/\/zarabiajnawiedzy.apeterko.pl\/index.php\/wp-json\/wp\/v2\/users\/1"}],"replies":[{"embeddable":true,"href":"https:\/\/zarabiajnawiedzy.apeterko.pl\/index.php\/wp-json\/wp\/v2\/comments?post=12"}],"version-history":[{"count":29,"href":"https:\/\/zarabiajnawiedzy.apeterko.pl\/index.php\/wp-json\/wp\/v2\/pages\/12\/revisions"}],"predecessor-version":[{"id":470,"href":"https:\/\/zarabiajnawiedzy.apeterko.pl\/index.php\/wp-json\/wp\/v2\/pages\/12\/revisions\/470"}],"wp:attachment":[{"href":"https:\/\/zarabiajnawiedzy.apeterko.pl\/index.php\/wp-json\/wp\/v2\/media?parent=12"}],"curies":[{"name":"wp","href":"https:\/\/api.w.org\/{rel}","templated":true}]}}